 of p and z.
14
Let l be 0/8 - -2134 - (0 - -1). What is the greatest common factor of l and 79?
79
Let s(w) = 75*w - 297. Let f be s(4). Let d(v) = 18*v - 3. Let u be d(2). What is the greatest common divisor of u and f?
3
Let t be 6125/45 + 13/(-117). Calculate the highest common factor of 8 and t.
8
Let w(o) = -o**2 - 4*o + 3. Let x(t) = -t**2 + 12*t + 9. Let g be x(13). Let n be w(g). Calculate the highest common factor of 21 and n.
3
Let j be ((-1)/(-4))/(5/10)*0. Suppose j = 13*r - 4*r - 594. What is the greatest common divisor of r and 44?
22
Let g = -313 - -328. What is the greatest common factor of g and 135?
15
Let f = 976 - 540. Suppose -5*k + f - 156 = 0. Let h(g) = g**3 - 7*g**2 + 9*g - 4. Let j be h(6). Calculate the highest common factor of k and j.
14
Let s = -15 + 47. Let f be (9/12)/((-1)/(-64)). Calculate the greatest common factor of s and f.
16
Let l be 7/(-7)*30/(-1). Let g be 318/15 - 6/l. Calculate the greatest common factor of g and 84.
21
Suppose -5*a + 2 = 12, -4*i = a - 14. Suppose -2*v - 3*t + 29 = 0, 4*t + 6 = 2*v - 30. Calculate the greatest common divisor of v and i.
4
Let j be 0/(-2 - (4 + -7)). Suppose -5*w + w + 80 = j. What is the highest common factor of w and 140?
20
Let k(f) = -24*f - 51. Let w be k(-3). Let r be (0 + -2)/(4/(-6)). What is the greatest common factor of w and r?
3
Let s(w) = -3*w**3 - 19*w**2 - 5*w - 2. Let c be s(-8). Suppose -3*y + c - 88 = 0. Calculate the highest common factor of y and 20.
10
Suppose 5*w + x - 77 = 0, -4*w - 16*x + 66 = -13*x. What is the highest common factor of w and 345?
15
Suppose 365 = -b + 6*b. Suppose -3*h - b = 86. Let q = h - -125. Calculate the highest common factor of q and 8.
8
Suppose 91 = 3*p - 26. Let h(u) = -u**2 + 1 + p*u**3 + 0*u**2 - 75*u**3. Let q be h(-1). Calculate the highest common divisor of 12 and q.
12
Let x = 7 - 6. Calculate the highest common divisor of x and 16.
1
Let k be 612/7 - (-88)/154. Calculate the highest common divisor of k and 154.
22
Suppose -4*u + 2 = -10. Suppose 4*j + 0*j - 2*f - 192 = 0, -u*j + f = -142. What is the greatest common divisor of 23 and j?
23
Suppose 145 = -16*n - 543. Let t = n - -99. What is the greatest common divisor of t and 14?
14
Let k(s) = 28*s**3 - s**2 - 9*s + 26. Let d be k(2). What is the highest common factor of d and 171?
57
Let a(r) = -37*r + 5. Let v be a(-4). Suppose -j + 3*n + 2 = 0, -4*j - 33 + 116 = 3*n. Calculate the highest common factor of j and v.
17
Suppose 2*m - 63 = -2*m + 5*c, -4*c = -5*m + 72. Let l(b) = -3*b - 6*b - m*b + 0 + 5. Let f be l(-3). What is the highest common divisor of 17 and f?
17
Let m be 1806/30 + 2/(-10). Suppose s - 48 = m. Let c = 67 - 55. What is the greatest common divisor of c and s?
12
Suppose -3*l - 45 = -5*l - 3*m, -4*l + 5*m + 79 = 0. Calculate the greatest common factor of 14 and l.
7
Suppose -16*n - 616 = -20*n + f, -n - 5*f + 133 = 0. Calculate the highest common divisor of 72 and n.
9
Let t(z) = z**3 + 7*z**2 + 6*z + 5. Let i be t(-6). Suppose 5*q = 100 + i. Let c(a) = -21*a. Let g be c(-5). Calculate the greatest common factor of g and q.
21
Suppose 89 = 5*b - 121. Suppose 5*d + 7 = b. Let l = -35 + 42. What is the greatest common factor of d and l?
7
Suppose -17*w - 153 = -26*w. Let m = -64 + 98. What is the highest common divisor of w and m?
17
Let z(d) = 5*d - 13. Let p be z(4). Let l(h) be the second derivative of 13*h**3/6 - 2*h**2 + h. Let s be l(p). What is the greatest common factor of s and 29?
29
Suppose 2*h - 32 - 12 = 0. Calculate the highest common factor of h and 374.
22
Suppose i + 32 = 2*i - 3*f, i - 20 = -f. Calculate the greatest common divisor of i and 437.
23
Suppose 0*v + 25 = 5*v. Suppose 72 = v*k + 12. What is the highest common divisor of 12 and k?
12
Suppose 0 = -3*o - 10 + 4. Let q be ((-3)/9)/(o/30). Suppose -m = q - 3, -m - 10 = -t. Calculate the highest common divisor of t and 16.
8
Let o(t) be the first derivative of t**2/2 + 12*t + 2. Let r be o(-6). Suppose 5*l = 2 + 28. What is the highest common factor of r and l?
6
Let y be (-23)/(-207)*(-54)/(-6). Calculate the highest common factor of y and 151.
1
Let p be (0 - 50)*(7 + 570/(-75)). What is the highest common divisor of 24 and p?
6
Let l = 78 + -67. Let o be 1*4 - (0 - -2). Suppose 3*m = 0, o*k + 4*m = -38 + 280. Calculate the highest common divisor of k and l.
11
Suppose 12 - 6 = 2*q. Let s be 272/q - 3/(-9). Calculate the highest common factor of 7 and s.
7
Suppose -z - 4*p = -25, -z - 3*p = -3 - 20. Let j be z + 0 - 0/1. Let l be (-1)/7 + 5/(105/2859). What is the highest common divisor of l and j?
17
Let z(u) = -2*u - 16. Let g be z(2). Let d(s) = -s**3 - 21*s**2 - 22*s - 32. Let i be d(g). Calculate the greatest common factor of i and 32.
8
Let g be -2*(351/(-10) + (-12)/30). Let p = -44 + g. Calculate the highest common divisor of 54 and p.
27
Let c(w) = 3*w - 14. Let h be c(6). Suppose 3*x - 6 = m + 4, -h*m - 16 = -4*x. What is the greatest common factor of 33 and x?
3
Let z be 2*2754/20*(-185)/(-111). Calculate the greatest common divisor of 54 and z.
27
Let q be 36/(-234) + 75672/78. Calculate the highest common divisor of q and 10.
10
Let i be 926380/1260 + (-2)/9. Calculate the greatest common divisor of 98 and i.
49
Let z(d) = -d**3 + 5*d**2 + 10*d - 22. Let w be z(6). Let m be (-4 + (-14)/(-4))*-44. Calculate the highest common factor of m and w.
2
Let y(f) = -f**2 + 21*f - 8. Let p be y(14). Calculate the highest common factor of 10 and p.
10
Let v be (-194)/(-18) - 32/(-144). Calculate the highest common factor of v and 110.
11
Suppose -4*x + 217 = -r, -3*r + 158 = 3*x + r. Let y be (1 + -1 - -6)*1. Calculate the greatest common divisor of y and x.
6
Suppose -20 = -5*q - 2*c, 3*c - 13 + 22 = -q. Suppose 0 = 3*p + q, 2*p + 465 = 3*y - p. What is the greatest common divisor of y and 17?
17
Let h be 2/(8 - 22070/2760). Calculate the greatest common factor of h and 69.
69
Suppose -5*z - 2*l + 62 = 0, l = z - 4*z + 37. Let u be -93*(-80)/56 - 12/14. What is the highest common factor of u and z?
12
Suppose 321 - 81 = 20*w. Calculate the highest common divisor of 21 and w.
3
Suppose 846 = 11*m + 780. Let j = 1 - -3. What is the highest common factor of j and m?
2
Let g = -398 + 494. Suppose r - 6 = -0. Calculate the greatest common divisor of r and g.
6
Let q(j) = -j**2 + 16*j + 12. Let v be q(16). Suppose -236*c + 233*c + v = 0. Calculate the greatest common factor of c and 12.
4
Let m(i) = 7*i + 17. Let u be m(7). Suppose -5*o + u = -29. Calculate the greatest common factor of o and 19.
19
Let c be 495/220*(-176)/(-6). Calculate the highest common factor of c and 286.
22
Suppose -g + 15 = -4*w + 4*g, 4*g = 12. Suppose -3*l + w*l = q - 16, -5*l = -q - 16. What is the greatest common factor of l and 4?
4
Let g be (-2)/8 - (-50)/8. Suppose 4 = 4*d, 5*d = 4*n - 288 - 307. Suppose n = -120*t + 125*t. Calculate the highest common divisor of g and t.
6
Let m = 51 + -35. Suppose -10*y + m = -6*y. Suppose -28 = -6*i + y*i. Calculate the highest common divisor of i and 21.
7
Suppose -3*f + 9 = 3*m, -5*f + 8 = -2*m + 28. What is the greatest common factor of 155 and m?
5
Let i(m) = 151*m**2 - 21*m - 19. Let r be i(-1). What is the greatest common factor of r and 9?
9
Let i be 4/(-10) - 10166/(-65). What is the greatest common divisor of 52 and i?
52
Let c be (0 - -132)*48/144. Calculate the highest common factor of 440 and c.
44
Let u = 57 + -39. Suppose 13*g = u*g - 90. Let y = -15 + g. Calculate the greatest common divisor of y and 2.
1
Let h = -11 - -17. Suppose s - 7 = -4. Suppose n = -s*n + 96. What is the greatest common factor of h and n?
6
Let q be 24/((0 - -3)/15). Let h be (-2)/(-4) + 0 - q/(-48). Suppose 0 = -3*z - z + 132. What is the highest common factor of h and z?
3
Let r(w) = -2*w**2 - 4 + 3 + 15*w**2 + w. Let x be r(1). What is the highest common divisor of x and 39?
13
Suppose -4*v = v - 20. Suppose 3*p = -c + 77 + 8, 2*p + v*c = 40. Let w = p - 14. What is the greatest common factor of 128 and w?
16
Let o = 2041 - 1167. What is the greatest common divisor of o and 38?
38
Suppose 0 = 5*n + 25 - 5. Let b = n + 8. Let z(d) = -d**3 + 10*d**2 + 11*d + 10. Let c be z(11). Calculate the greatest common divisor of b and c.
2
Let l be 53 - 0 - (6 - 7)